{"id":251,"date":"2017-08-12T17:22:06","date_gmt":"2017-08-12T17:22:06","guid":{"rendered":"http:\/\/demo.acmethemes.com\/medical-circle\/?page_id=31"},"modified":"2020-07-24T22:40:48","modified_gmt":"2020-07-24T22:40:48","slug":"nosso-diferencial","status":"publish","type":"page","link":"https:\/\/lumepsicopedagogia.com.br\/site\/nosso-diferencial\/","title":{"rendered":"Nosso diferencial"},"content":{"rendered":"<body>\n<p><\/p>\n\n\n<p>As dificuldades de deslocamento das fam\u00edlias ou a falta de tempo no dia a dia, podem ser pontos consider\u00e1veis para o adiamento do tratamento psicopedag\u00f3gico. Pensando nisso, al\u00e9m do consult\u00f3rio, atendemos em domic\u00edlio, escola e hospital, em caso de interna\u00e7\u00e3o, sem perder o foco e a qualidade no processo de aprendizagem do indiv\u00edduo.<\/p>\n\n\n<p><\/p>\n<\/body>","protected":false},"excerpt":{"rendered":"<p>As dificuldades de deslocamento das fam\u00edlias ou a falta de tempo no dia a dia, podem ser pontos consider\u00e1veis para o adiamento do tratamento psicopedag\u00f3gico. Pensando nisso, al\u00e9m do consult\u00f3rio, atendemos em domic\u00edlio, escola e hospital, em caso de interna\u00e7\u00e3o, sem perder o foco e a qualidade no processo de aprendizagem do indiv\u00edduo.<\/p>\n","protected":false},"author":1,"featured_media":617,"parent":0,"menu_order":0,"comment_status":"closed","ping_status":"closed","template":"","meta":{"pagelayer_contact_templates":[],"_pagelayer_content":"","_joinchat":[],"footnotes":""},"class_list":["post-251","page","type-page","status-publish","has-post-thumbnail","hentry"],"_links":{"self":[{"href":"https:\/\/lumepsicopedagogia.com.br\/site\/wp-json\/wp\/v2\/pages\/251"}],"collection":[{"href":"https:\/\/lumepsicopedagogia.com.br\/site\/wp-json\/wp\/v2\/pages"}],"about":[{"href":"https:\/\/lumepsicopedagogia.com.br\/site\/wp-json\/wp\/v2\/types\/page"}],"author":[{"embeddable":true,"href":"https:\/\/lumepsicopedagogia.com.br\/site\/wp-json\/wp\/v2\/users\/1"}],"replies":[{"embeddable":true,"href":"https:\/\/lumepsicopedagogia.com.br\/site\/wp-json\/wp\/v2\/comments?post=251"}],"version-history":[{"count":7,"href":"https:\/\/lumepsicopedagogia.com.br\/site\/wp-json\/wp\/v2\/pages\/251\/revisions"}],"predecessor-version":[{"id":453,"href":"https:\/\/lumepsicopedagogia.com.br\/site\/wp-json\/wp\/v2\/pages\/251\/revisions\/453"}],"wp:featuredmedia":[{"embeddable":true,"href":"https:\/\/lumepsicopedagogia.com.br\/site\/wp-json\/wp\/v2\/media\/617"}],"wp:attachment":[{"href":"https:\/\/lumepsicopedagogia.com.br\/site\/wp-json\/wp\/v2\/media?parent=251"}],"curies":[{"name":"wp","href":"https:\/\/api.w.org\/{rel}","templated":true}]}}