{"id":886,"date":"2020-09-09T23:52:34","date_gmt":"2020-09-09T23:52:34","guid":{"rendered":"https:\/\/lumepsicopedagogia.com.br\/site\/?page_id=886"},"modified":"2024-04-06T21:30:26","modified_gmt":"2024-04-06T21:30:26","slug":"parcerias","status":"publish","type":"page","link":"https:\/\/lumepsicopedagogia.com.br\/site\/parcerias\/","title":{"rendered":"Parcerias"},"content":{"rendered":"<body>\n<p style=\"font-size:17px\">A Lume entende a import\u00e2ncia do tratamento multidisciplinar e, por isso, atua em parceria com profissionais da sa\u00fade. A vis\u00e3o de cada profissional contribui com informa\u00e7\u00f5es diferenciadas possibilitando melhor an\u00e1lise da hip\u00f3tese diagn\u00f3stica e melhores resultados quando a interven\u00e7\u00e3o \u00e9 em conjunto. <\/p>\n\n\n\n<p style=\"font-size:17px\">Confira aqui os nossos parceiros!<\/p>\n\n\n\n<div class=\"wp-block-group\"><div class=\"wp-block-group__inner-container is-layout-flow wp-block-group-is-layout-flow\">\n<div class=\"wp-block-group\"><div class=\"wp-block-group__inner-container is-layout-flow wp-block-group-is-layout-flow\">\n<div class=\"wp-block-group\"><div class=\"wp-block-group__inner-container is-layout-flow wp-block-group-is-layout-flow\">\n<hr class=\"wp-block-separator has-css-opacity\">\n\n\n\n<div class=\"wp-block-media-text alignfull is-vertically-aligned-top\" style=\"grid-template-columns:17% auto\"><figure class=\"wp-block-media-text__media\"><img decoding=\"async\" width=\"768\" height=\"1024\" src=\"https:\/\/lumepsicopedagogia.com.br\/site\/wp-content\/uploads\/2020\/09\/WhatsApp-Image-2020-09-09-at-10.19.18.jpeg\" alt=\"\" class=\"wp-image-898 size-full\" loading=\"lazy\" srcset=\"https:\/\/lumepsicopedagogia.com.br\/site\/wp-content\/uploads\/2020\/09\/WhatsApp-Image-2020-09-09-at-10.19.18.jpeg 768w, https:\/\/lumepsicopedagogia.com.br\/site\/wp-content\/uploads\/2020\/09\/WhatsApp-Image-2020-09-09-at-10.19.18-225x300.jpeg 225w\" sizes=\"(max-width: 768px) 100vw, 768px\" \/><\/figure><div class=\"wp-block-media-text__content\">\n<p class=\"has-normal-font-size\"><strong> Fisioterapeuta \u2013 Andrea Di Dio<\/strong><br>Atua h\u00e1 mais de 20 anos na fisioterapia com reabilita\u00e7\u00e3o ortop\u00e9dica, corre\u00e7\u00e3o e alinhamento postural atrav\u00e9s da Reeduca\u00e7\u00e3o Postural Global (RPG) e com o m\u00e9todo Gyrotonic\u00ae. Esses m\u00e9todos oferecem ganho de flexibilidade, for\u00e7a, equil\u00edbrio e melhora postural. Al\u00e9m do bem estar f\u00edsico e emocional, o alinhamento postural associado ao ganho de espa\u00e7os articulares e das v\u00e9rtebras, previne e trata les\u00f5es.<br>Respeitando a individualidade de cada paciente, os exerc\u00edcios flu\u00eddos e com o movimento completo do corpo, reorganiza e equilibra a musculatura desenvolvendo a consci\u00eancia corporal e conhecimento do pr\u00f3prio corpo, melhorando a qualidade de vida, desempenho no esporte e na contribui\u00e7\u00e3o para o desenvolvimento neuropsicomotor, favorecendo significativamente no processo de ensino-aprendizagem. <br>Telefones: (11) 2365-8409\/(11) 99979-1653<br>E-mail: <a rel=\"noreferrer noopener\" href=\"mailto:andreadidio17@gmail.com\" target=\"_blank\">andreadidio17@gmail.com<\/a><\/p>\n<\/div><\/div>\n\n\n\n<div style=\"height:45px\" aria-hidden=\"true\" class=\"wp-block-spacer\"><\/div>\n\n\n\n<div class=\"wp-block-media-text alignfull is-vertically-aligned-top\" style=\"grid-template-columns:17% auto\"><figure class=\"wp-block-media-text__media\"><img decoding=\"async\" width=\"285\" height=\"378\" src=\"https:\/\/lumepsicopedagogia.com.br\/site\/wp-content\/uploads\/2020\/09\/2.png\" alt=\"\" class=\"wp-image-901 size-full\" loading=\"lazy\" srcset=\"https:\/\/lumepsicopedagogia.com.br\/site\/wp-content\/uploads\/2020\/09\/2.png 285w, https:\/\/lumepsicopedagogia.com.br\/site\/wp-content\/uploads\/2020\/09\/2-226x300.png 226w\" sizes=\"(max-width: 285px) 100vw, 285px\" \/><\/figure><div class=\"wp-block-media-text__content\">\n<div class=\"wp-block-group\"><div class=\"wp-block-group__inner-container is-layout-flow wp-block-group-is-layout-flow\">\n<p class=\"has-normal-font-size\"><strong><strong><strong>Fonoaudi\u00f3loga \u2013 Nicolly Gudayol<\/strong><\/strong><br><\/strong>CRFa. 18.22406<br>Fonoaudiologia pela Faculdade de Ci\u00eancias M\u00e9dicas da Santa Casa de S\u00e3o Paulo. Especialista em Avalia\u00e7\u00e3o Audiol\u00f3gica, Adapta\u00e7\u00e3o de Aparelhos Auditivos e Processamento Auditivo Central.  <br>O fonoaudi\u00f3logo \u00e9 o profissional da sa\u00fade que atua no campo da linguagem e da comunica\u00e7\u00e3o, capaz de diagnosticar e tratar problemas que afetam ou dificultam a comunica\u00e7\u00e3o correta do indiv\u00edduo. Dentre eles, o Transtorno do Processamento Auditivo Central (TPAC) pode estar presente em qualquer idade, ou ter sido adquirido ap\u00f3s uma les\u00e3o, perda auditiva ou imaturidade do sistema auditivo central.  \u00c9 importante que crian\u00e7as que apresentam dificuldades de aprendizagem significativas, passem por uma avalia\u00e7\u00e3o do Processamento Auditivo Central (PAC) para investigar as habilidades auditivas. <br>Saiba mais em:<br><a rel=\"noreferrer noopener\" href=\"http:\/\/www.somosfonoaudiologia.com.br\" target=\"_blank\">www.somosfonoaudiologia.com.br<\/a><\/p>\n<\/div><\/div>\n<\/div><\/div>\n\n\n\n<div style=\"height:45px\" aria-hidden=\"true\" class=\"wp-block-spacer\"><\/div>\n\n\n\n<div class=\"wp-block-media-text alignfull is-vertically-aligned-top\" style=\"grid-template-columns:17% auto\"><figure class=\"wp-block-media-text__media\"><img decoding=\"async\" width=\"750\" height=\"1024\" src=\"https:\/\/lumepsicopedagogia.com.br\/site\/wp-content\/uploads\/2020\/08\/WhatsApp-Image-2020-08-18-at-09.54.26-1-750x1024.jpeg\" alt=\"\" class=\"wp-image-744 size-full\" loading=\"lazy\"><\/figure><div class=\"wp-block-media-text__content\">\n<div class=\"wp-block-group\"><div class=\"wp-block-group__inner-container is-layout-flow wp-block-group-is-layout-flow\">\n<p class=\"has-normal-font-size\"><strong><strong><strong><strong><strong><strong><strong><strong><strong><strong>Neuropsic\u00f3loga \u2013 Mar\u00edlia F. de Queiroz<\/strong><\/strong><\/strong><\/strong><\/strong><\/strong><\/strong><\/strong><\/strong><br><\/strong>CRP 06\/113248<br>Psic\u00f3loga, formada pela PUC Campinas, mestre em Qualidade de Vida, Neuropsic\u00f3loga. Atua em cl\u00ednica h\u00e1 8 anos, voltado para o p\u00fablico infantil e adultos.<br>A Neuropsicologia tem a fun\u00e7\u00e3o de auxiliar e nortear o trabalho do m\u00e9dico e do professor. Atrav\u00e9s de testes psicom\u00e9tricos, avalia as potencialidades e dificuldades do c\u00e9rebro da crian\u00e7a, conseguindo desta forma trabalhar com o que ela tem de mais saud\u00e1vel.<br>Telefone: (11)<a href=\"https:\/\/lumepsicopedagogia.com.br\/site\/?page_id=1007\" data-type=\"page\" data-id=\"1007\"> 99281-2925<\/a><br>E-mail: <a rel=\"noreferrer noopener\" href=\"mailto:mariliafdequeiroz@gmail.com\" target=\"_blank\">mariliafdequeiroz@gmail.com<\/a><br>Saiba mais em:<br><a rel=\"noreferrer noopener\" href=\"http:\/\/www.instagram.com\/desvendandocriancas\/\" target=\"_blank\">www.instagram.com\/desvendandocriancas\/<\/a><\/p>\n<\/div><\/div>\n\n\n\n<div style=\"height:45px\" aria-hidden=\"true\" class=\"wp-block-spacer\"><\/div>\n<\/div><\/div>\n\n\n\n<div class=\"wp-block-media-text alignfull is-vertically-aligned-top\" style=\"grid-template-columns:17% auto\"><figure class=\"wp-block-media-text__media\"><img decoding=\"async\" width=\"750\" height=\"926\" src=\"https:\/\/lumepsicopedagogia.com.br\/site\/wp-content\/uploads\/2023\/03\/WhatsApp-Image-2023-03-08-at-15.47.09.jpeg\" alt=\"\" class=\"wp-image-1009 size-full\" loading=\"lazy\" srcset=\"https:\/\/lumepsicopedagogia.com.br\/site\/wp-content\/uploads\/2023\/03\/WhatsApp-Image-2023-03-08-at-15.47.09.jpeg 750w, https:\/\/lumepsicopedagogia.com.br\/site\/wp-content\/uploads\/2023\/03\/WhatsApp-Image-2023-03-08-at-15.47.09-243x300.jpeg 243w\" sizes=\"(max-width: 750px) 100vw, 750px\" \/><\/figure><div class=\"wp-block-media-text__content\">\n<div class=\"wp-block-group\"><div class=\"wp-block-group__inner-container is-layout-flow wp-block-group-is-layout-flow\">\n<p class=\"has-normal-font-size\"><strong><strong><strong><strong><strong>Nutricionista- Barbara Narducci<\/strong><\/strong><\/strong><\/strong><br><\/strong>CRN 77795<br>Nutricionista cl\u00ednica, graduada pela Universidade Cruzeiro do Sul, respons\u00e1vel pelo tratamento e preven\u00e7\u00e3o de doen\u00e7as atrav\u00e9s da alimenta\u00e7\u00e3o equilibrada, garantindo que seus pacientes recebam as quantidades necess\u00e1rias e adequadas de nutrientes dentro da conduta nutricional tra\u00e7ada. <br>A alimenta\u00e7\u00e3o saud\u00e1vel durante a inf\u00e2ncia e adolesc\u00eancia promove sa\u00fade, desenvolvimento e bem- estar, auxiliando no crescimento adequado, prevenindo car\u00eancias nutricionais e evitando principalmente quadros de desnutri\u00e7\u00e3o, obesidade, defici\u00eancia de ferro e c\u00e1ries nessa fase da vida.<br>Telefone <a href=\"Telefone:%20(11)%2099545-2083\">(11)<\/a><a href=\"Telefone:%20(11)%2099545-2083\" data-type=\"URL\" data-id=\"Telefone: (11) 99545-2083\"> <\/a><a href=\"Telefone:%20(11)%2099545-2083\" data-type=\"URL\" data-id=\"Telefone: (11) 99545-2083\">99545-2083<\/a><br>E-mail: <a rel=\"noreferrer noopener\" href=\"barbaranarduccinutri@gmail.com\" data-type=\"URL\" data-id=\"barbaranarduccinutri@gmail.com\" target=\"_blank\">barbaranarduccinutri@gmail.com<\/a><\/p>\n<\/div><\/div>\n\n\n\n<div style=\"height:45px\" aria-hidden=\"true\" class=\"wp-block-spacer\"><\/div>\n<\/div><\/div>\n\n\n\n<div class=\"wp-block-media-text alignfull is-vertically-aligned-top\" style=\"grid-template-columns:17% auto\"><figure class=\"wp-block-media-text__media\"><img decoding=\"async\" width=\"345\" height=\"478\" src=\"https:\/\/lumepsicopedagogia.com.br\/site\/wp-content\/uploads\/2021\/08\/patricia.jpg\" alt=\"\" class=\"wp-image-987 size-full\" loading=\"lazy\" srcset=\"https:\/\/lumepsicopedagogia.com.br\/site\/wp-content\/uploads\/2021\/08\/patricia.jpg 345w, https:\/\/lumepsicopedagogia.com.br\/site\/wp-content\/uploads\/2021\/08\/patricia-217x300.jpg 217w\" sizes=\"(max-width: 345px) 100vw, 345px\" \/><\/figure><div class=\"wp-block-media-text__content\">\n<div class=\"wp-block-group\"><div class=\"wp-block-group__inner-container is-layout-flow wp-block-group-is-layout-flow\">\n<p class=\"has-normal-font-size\"><strong><strong><strong><strong><strong>Pedagoga \u2013 Patr\u00edcia de Toledo Monteiro<\/strong><\/strong><\/strong><\/strong><\/strong><br>Educadora da inf\u00e3ncia e s\u00e9ries iniciais. Pedagoga pela PUC S\u00e3o Paulo e especialista em Alfabetiza\u00e7\u00e3o e Letramento. Pr\u00e1tica e conhecimentos em proposta construtivista, s\u00f3cio interacionista e tradicional; l\u00edngua de sinais, d\u00e9ficit de aprendizagem educa\u00e7\u00e3o inclusiva.   Foi professora do Col\u00e9gio Cristo Rei e Franciscano Pio XII.   Atualmente, trabalha com aulas particulares de refor\u00e7o e acompanhamento escolar. <br>Telefone: (11) 98383-5947 <br>E-mail: <a rel=\"noreferrer noopener\" href=\"paty_toledo@hotmail.com\" target=\"_blank\" data-type=\"URL\" data-id=\"paty_toledo@hotmail.com\">paty_toledo@hotmail.com<\/a><br>LinkedIn: @patriciatoledo <br><\/p>\n<\/div><\/div>\n\n\n\n<p><\/p>\n<\/div><\/div>\n\n\n\n<div style=\"height:71px\" aria-hidden=\"true\" class=\"wp-block-spacer\"><\/div>\n\n\n\n<div class=\"wp-block-media-text alignfull is-vertically-aligned-top\" style=\"grid-template-columns:17% auto\"><figure class=\"wp-block-media-text__media\"><img decoding=\"async\" width=\"635\" height=\"1024\" src=\"https:\/\/lumepsicopedagogia.com.br\/site\/wp-content\/uploads\/2021\/02\/WhatsApp-Image-2021-02-24-at-14.59.51-635x1024.jpeg\" alt=\"\" class=\"wp-image-980 size-full\" loading=\"lazy\" srcset=\"https:\/\/lumepsicopedagogia.com.br\/site\/wp-content\/uploads\/2021\/02\/WhatsApp-Image-2021-02-24-at-14.59.51-635x1024.jpeg 635w, https:\/\/lumepsicopedagogia.com.br\/site\/wp-content\/uploads\/2021\/02\/WhatsApp-Image-2021-02-24-at-14.59.51-186x300.jpeg 186w, https:\/\/lumepsicopedagogia.com.br\/site\/wp-content\/uploads\/2021\/02\/WhatsApp-Image-2021-02-24-at-14.59.51-768x1238.jpeg 768w, https:\/\/lumepsicopedagogia.com.br\/site\/wp-content\/uploads\/2021\/02\/WhatsApp-Image-2021-02-24-at-14.59.51.jpeg 794w\" sizes=\"(max-width: 635px) 100vw, 635px\" \/><\/figure><div class=\"wp-block-media-text__content\">\n<p class=\"has-normal-font-size\"><strong><strong><strong>Psic\u00f3loga<\/strong><\/strong> \u2013 <strong>Fabiana Amato Cipola<\/strong><\/strong><br>CRP 06\/127750 <br>Psic\u00f3loga Cl\u00ednica, graduada pelo Centro Universit\u00e1rio das Faculdades Metropolitanas Unidas (FMU), pesquisadora e colaboradora do projeto APOIAR e APOIAR on line, no Laborat\u00f3rio de Sa\u00fade Mental e Psicologia Cl\u00ednica Social \u2013 Instituto de Psicologia da Universidade de S\u00e3o Paulo (IPUSP).<br>O processo psicoter\u00e1pico propicia ao paciente uma melhor compreens\u00e3o da din\u00e2mica de sua personalidade e do momento que est\u00e1 vivenciando, a fim de que possa adquirir melhor controle de suas emo\u00e7\u00f5es.<br>Telefone: (11) 99957-6753<br>E-mail: <a rel=\"noreferrer noopener\" href=\"mailto:mariliafdequeiroz@gmail.com\" target=\"_blank\"><\/a><a rel=\"noreferrer noopener\" href=\"mailto:fabiana.cipola@gmail.com\" target=\"_blank\">fabiana.cipola@gmail.com<\/a><\/p>\n\n\n\n<p class=\"has-normal-font-size\"><\/p>\n<\/div><\/div>\n\n\n\n<div style=\"height:69px\" aria-hidden=\"true\" class=\"wp-block-spacer\"><\/div>\n\n\n\n<div class=\"wp-block-media-text alignfull is-vertically-aligned-top\" style=\"grid-template-columns:17% auto\"><figure class=\"wp-block-media-text__media\"><a href=\"www.lilfit.com.br\"><img decoding=\"async\" width=\"500\" height=\"500\" src=\"https:\/\/lumepsicopedagogia.com.br\/site\/wp-content\/uploads\/2020\/09\/WhatsApp-Image-2020-09-19-at-13.18.23.jpeg\" alt=\"\" class=\"wp-image-954 size-full\" loading=\"lazy\" srcset=\"https:\/\/lumepsicopedagogia.com.br\/site\/wp-content\/uploads\/2020\/09\/WhatsApp-Image-2020-09-19-at-13.18.23.jpeg 500w, https:\/\/lumepsicopedagogia.com.br\/site\/wp-content\/uploads\/2020\/09\/WhatsApp-Image-2020-09-19-at-13.18.23-300x300.jpeg 300w, https:\/\/lumepsicopedagogia.com.br\/site\/wp-content\/uploads\/2020\/09\/WhatsApp-Image-2020-09-19-at-13.18.23-150x150.jpeg 150w\" sizes=\"(max-width: 500px) 100vw, 500px\" \/><\/a><\/figure><div class=\"wp-block-media-text__content\">\n<div class=\"wp-block-group\"><div class=\"wp-block-group__inner-container is-layout-flow wp-block-group-is-layout-flow\">\n<p class=\"has-normal-font-size\"><strong><strong><strong><strong>Psicomotricista<\/strong> \u2013 <strong>Maria Helena Sampaio de Castro d\u2019Ancora<\/strong><\/strong><\/strong><br><\/strong>\u00c9 bacharel em Esportes e licenciada em Educa\u00e7\u00e3o F\u00edsica pela Universidade de S\u00e3o Paulo (USP), especialista em Logoterapia e An\u00e1lise Existencial com \u00eanfase em Educa\u00e7\u00e3o pela Sociedade Brasileira de Logoterapia e An\u00e1lise Existencial Frankliana (SOBRAL), Psicomotricista pelo Instituto Superior de Psicomotricidade e Educa\u00e7\u00e3o (INSPE-GAE) e propriet\u00e1ria da Assessoria Esportiva Infanto-juvenil Lil\u2019FIt. Trabalha com a forma\u00e7\u00e3o de crian\u00e7as e jovens por meio do esporte, com foco em estimula\u00e7\u00e3o psicomotora h\u00e1 mais de 20 anos e atua como palestrante e formadora de crian\u00e7as, jovens, pais e fam\u00edlias na \u00e1rea de valores humanos.<br>A psicomotricidade trabalha a percep\u00e7\u00e3o corporal, no\u00e7\u00e3o espacial, ritmo, coordena\u00e7\u00e3o e equil\u00edbrio. A aus\u00eancia ou preju\u00edzo nessas habilidades interferem diretamente na aprendizagem escolar.<br>Telefone: (11) 97674-3767<br>E-mail: <a href=\"mailto:mariahelena@lilfit.com.br\">mariahelena@lilfit.com.br<\/a>  <br>Saiba mais em:<br><a rel=\"noreferrer noopener\" href=\"http:\/\/www.instagram.com\/lil_fit_\/\" target=\"_blank\">@lil_fit<\/a><\/p>\n<\/div><\/div>\n\n\n\n<p><a href=\"http:\/\/www.lilfit.com.br\" data-type=\"URL\" data-id=\"www.lilfit.com.br\">www.lil_fit.com.br<\/a><\/p>\n<\/div><\/div>\n\n\n\n<div style=\"height:45px\" aria-hidden=\"true\" class=\"wp-block-spacer\"><\/div>\n\n\n\n<div class=\"wp-block-group alignfull\"><div class=\"wp-block-group__inner-container is-layout-flow wp-block-group-is-layout-flow\"><\/div><\/div>\n\n\n\n<p><\/p>\n<\/div><\/div>\n\n\n\n<hr class=\"wp-block-separator has-css-opacity\">\n\n\n\n<p><\/p>\n\n\n\n<p><\/p>\n\n\n\n<div class=\"wp-block-group\"><div class=\"wp-block-group__inner-container is-layout-flow wp-block-group-is-layout-flow\"><\/div><\/div>\n<\/div><\/div>\n\n\n\n<div style=\"height:40px\" aria-hidden=\"true\" class=\"wp-block-spacer\"><\/div>\n\n\n\n<div class=\"wp-block-group\"><div class=\"wp-block-group__inner-container is-layout-flow wp-block-group-is-layout-flow\"><\/div><\/div>\n<\/div><\/div>\n<\/body>","protected":false},"excerpt":{"rendered":"<p>A Lume entende a import\u00e2ncia do tratamento multidisciplinar e, por isso, atua em parceria com profissionais da sa\u00fade. A vis\u00e3o de cada profissional contribui com informa\u00e7\u00f5es diferenciadas possibilitando melhor an\u00e1lise da hip\u00f3tese diagn\u00f3stica e melhores resultados quando a interven\u00e7\u00e3o \u00e9 em conjunto. Confira aqui os nossos parceiros! Fisioterapeuta \u2013 Andrea Di DioAtua h\u00e1 mais de&hellip;<\/p>\n","protected":false},"author":2,"featured_media":0,"parent":0,"menu_order":0,"comment_status":"closed","ping_status":"closed","template":"","meta":{"pagelayer_contact_templates":[],"_pagelayer_content":"","_joinchat":[],"footnotes":""},"class_list":["post-886","page","type-page","status-publish","hentry"],"_links":{"self":[{"href":"https:\/\/lumepsicopedagogia.com.br\/site\/wp-json\/wp\/v2\/pages\/886"}],"collection":[{"href":"https:\/\/lumepsicopedagogia.com.br\/site\/wp-json\/wp\/v2\/pages"}],"about":[{"href":"https:\/\/lumepsicopedagogia.com.br\/site\/wp-json\/wp\/v2\/types\/page"}],"author":[{"embeddable":true,"href":"https:\/\/lumepsicopedagogia.com.br\/site\/wp-json\/wp\/v2\/users\/2"}],"replies":[{"embeddable":true,"href":"https:\/\/lumepsicopedagogia.com.br\/site\/wp-json\/wp\/v2\/comments?post=886"}],"version-history":[{"count":67,"href":"https:\/\/lumepsicopedagogia.com.br\/site\/wp-json\/wp\/v2\/pages\/886\/revisions"}],"predecessor-version":[{"id":1051,"href":"https:\/\/lumepsicopedagogia.com.br\/site\/wp-json\/wp\/v2\/pages\/886\/revisions\/1051"}],"wp:attachment":[{"href":"https:\/\/lumepsicopedagogia.com.br\/site\/wp-json\/wp\/v2\/media?parent=886"}],"curies":[{"name":"wp","href":"https:\/\/api.w.org\/{rel}","templated":true}]}}